= -y**2 + t*y + 3 - y**2 - 3*y**2 + 4*y**2. Determine n(4).
3
Let u(s) = -7 + 577*s - s**2 + s**3 - 10*s**2 - 575*s. Determine u(11).
15
Let y(f) be the first derivative of f**3/3 + f**2 - 5*f - 106. Give y(0).
-5
Let z(r) be the second derivative of -1/10*r**5 + 0 + 1/6*r**4 + 2*r + 0*r**3 + 1/2*r**2. Let j be (6/9)/((-1)/(-3)). What is z(j)?
-7
Let n(u) = 21*u**3 + 5*u**2 - 20*u. Let q(r) = 11*r**3 + 3*r**2 - 11*r. Let o(t) = 6*n(t) - 11*q(t). Give o(2).
30
Let n(r) be the second derivative of -1/6*r**3 + 0 + 7*r + 4*r**2. What is n(7)?
1
Let z(s) = 527*s**2 + 4*s**3 - 10*s - 180*s**2 - 178*s**2 - 8 - 178*s**2 - 5*s**3. Let w be 12*((-16)/6 + 2). What is z(w)?
8
Suppose 4*m + 2930 = 2926. Let l(o) = -11*o**2 - 2*o - 2. Give l(m).
-11
Let p(g) be the first derivative of g**4/4 - 2*g**3 - 2*g**2 - 15*g - 117. Give p(7).
6
Let b(y) = -5*y - 9*y + 19*y + 4. Let r be -4 - 0*4/16. What is b(r)?
-16
Let w(m) = 16*m**2 + 3*m - 21. Let o(f) = 7*f**2 + f - 9. Let u(g) = 9*o(g) - 4*w(g). Let i be (-5)/1 + 0 + 0. Give u(i).
-7
Let x(q) be the second derivative of q**3/6 + 9*q**2/2 + q. Suppose -7*h - 72 = 5*h. Let f(r) = -r**2 - 2*r + 17. Let u be f(h). What is x(u)?
2
Suppose -3*b - 27 = 4*m - m, 0 = -5*b + 2*m - 24. Let j be 3*8/b + -3. Let g(k) = k + 7. Calculate g(j).
0
Let o(n) = 0*n + 41 - 34 - n. Let r be o(7). Let c(s) = 1 + r*s + s**2 - 7*s + 13*s. Determine c(-5).
-4
Let g(r) = r + 8. Suppose -3*m = 4*s + m + 12, 0 = 4*s + 3*m + 13. Let l be g(s). Suppose l*z = z. Let k(v) = -v**3 + v**2 - v + 13. Give k(z).
13
Let n be (1/(-1) - -3) + 20 + 6 + -28. Let c(a) = a**3 + 3*a**2 - 10. Let t(j) = -j**3 - 2*j**2 + 9. Let o(l) = -2*c(l) - 3*t(l). Give o(n).
-7
Let l(i) = i**2 - 24*i + 13. Let r be ((-16)/(-56))/(10/805). Determine l(r).
-10
Let m(x) = -3*x - 123. Let h(j) = 10*j + 356. Let w(d) = -4*h(d) - 11*m(d). Calculate w(-11).
6
Let r(z) be the first derivative of z**2 + 2*z + 625. Calculate r(4).
10
Let p(w) = 17*w**3 + w - 1. Let r(z) = 32*z**3 + 2*z - 2. Let c(d) = -5*p(d) + 3*r(d). Calculate c(1).
11
Let v(r) = 47*r**2 + 6*r + 2. Let i be v(4). Let h(x) = -778 - x + i. Give h(2).
-2
Let l(u) = -25*u**2 - 2*u - 7. Let q(v) = -23*v**2 - v - 5. Let t(x) = -3*l(x) + 4*q(x). Calculate t(-1).
-18
Let r(o) = -7*o - 2. Suppose -4*y - p - 7 = -27, 0 = -p + 4. Give r(y).
-30
Suppose -4*a + 10 = -22. Let g(x) = -x + 12. Give g(a).
4
Let g(q) = -17*q**2 - 19*q + 6. Let o(t) = 18*t**2 + 16*t - 5. Let n(c) = 5*g(c) + 6*o(c). What is n(-1)?
22
Suppose -4*h + 5*h - 6 = 0. Let f(x) = 4*x - 2*x + h*x - x - 3. Suppose q + 4*l = 3*q + 12, -4*q + l + 4 = 0. Determine f(q).
11
Let l = -39 - -80. Suppose -h - 21 = 5*d, -4*h + 9*d = 4*d - l. Let n be (-2)/h + (-44)/8. Let c(a) = a**2 + 8*a + 2. Give c(n).
-10
Let m(h) = 10*h**3 - 47*h + 78*h - 32*h. Let s be -2 + -3 + 2 - -2. What is m(s)?
-9
Let f(n) = 12*n. Let b(s) = 7 + s + 7 - 17. Let g(q) = q + 4. Let j be g(0). Let w be b(j). Give f(w).
12
Suppose 4*g = 3*s - 21, 2*s - 4*g = 4*s + 6. Let c(t) = t**2 - s*t**2 - 2 - t**3 + 3*t**2 - 5*t**2. Calculate c(-4).
-2
Suppose 5*n - n + 8 = 2*b, 8 = -b - 4*n. Let w(m) = 2*m**3 - 2*m. Let g(h) = h**3 - h**2 - h. Let r(k) = -g(k) + w(k). Determine r(b).
0
Let v(d) be the third derivative of d**4/24 - d**3/3 + 163*d**2. Suppose -3*m - z = -12, 7 + 10 = m - 4*z. What is v(m)?
3
Let n(m) be the third derivative of -13*m**4/24 - m**3/6 + 2*m**2 + 72. Give n(-1).
12
Let u = -13 - -15. Let a(k) = k + 1 - 3*k**u + k + 4*k**2. Let t be 1/(3/(-9) - 0). Give a(t).
4
Let i(c) = c - 3. Let u be i(1). Let h(q) = 3 - 5 + 3 - 3*q. Let o be h(u). Let s(d) = -d**3 + 7*d**2 - 3*d + 9. Calculate s(o).
-12
Let s = -115 - -119. Let h(a) = a**2 + 2*a - 1. What is h(s)?
23
Let r(l) = 6*l - 2. Let u(c) = -2*c - 6*c**2 + 4*c - 10 + c + c**3 - c. Let j be u(6). Calculate r(j).
10
Let r(x) = x**2 + 5*x - 1. Let l be r(-5). Let j(s) be the second derivative of s**4/4 - s**2/2 - 151*s. Calculate j(l).
2
Let g = 591 - 589. Let p(b) be the first derivative of 5/2*b**2 + 0*b - g - b**3 - 1/4*b**4. What is p(-4)?
-4
Let m(u) = -2*u + 14. Suppose 16*o = 8*o + 80. Give m(o).
-6
Let a(n) = -17 + 28*n + 36*n - 95*n + 32*n. What is a(10)?
-7
Let l(j) be the first derivative of j**4/4 + 2*j**3/3 - 2*j**2 - 4*j - 16. Give l(-3).
-1
Let l(a) = 4*a**3 + 2*a**2 - a - 2. Let m(t) = -t**2 + 4*t + 7. Let v be m(5). Determine l(v).
36
Let o = -33 - -21. Let i be ((-9)/o*4)/1. Let t(b) = b**3 - 3*b**2 - 2*b - 3. Let v(g) = -2*g**3 + 7*g**2 + 3*g + 7. Let w(m) = 5*t(m) + 2*v(m). Calculate w(i).
5
Let v = 11 + -7. Suppose -38 = 5*g + 2*c, -3*c + 4 + 8 = -v*g. Let w be (1 - 3 - g) + 1. Let p(h) = -h**2 + 2*h + 7. Calculate p(w).
-8
Let w(u) = -5*u**2 + 7*u - 4. Let f(v) be the first derivative of -4*v**3/3 + 3*v**2 - 5*v - 17. Let d(m) = -6*f(m) + 5*w(m). Determine d(0).
10
Let o = -23 + 26. Suppose o*j + j - 2*f = 76, 0 = j + 5*f - 41. Let d = -19 + j. Let k(y) = y**3 - y**2 - 4*y + 3. What is k(d)?
-1
Let d(a) = -5*a**3 - 11*a**2 + a - 10. Let m(o) = -12*o**3 - 23*o**2 + 2*o - 21. Let f(z) = 7*d(z) - 3*m(z). Calculate f(8).
1
Suppose -5*v - 3*x = -15, 0 = -0*x + x. Suppose -9 = v*w - 6. Let o(l) = -4*l**3 + l. Calculate o(w).
3
Let u(y) = -y - 5. Let a be u(-12). Let r = a + -7. Let d(g) = r*g**3 - g - g**2 + g**3 + 2*g. Give d(1).
1
Let n = 21 + -12. Suppose -5*s - 4 + n = 0. Let b(o) = -13*o**2 - o. Calculate b(s).
-14
Let l = -42 - -50. Let i(r) = r**3 + r + l + 8*r + 8*r**2 + 0*r. Determine i(-7).
-6
Let m(k) = 4*k**3 + 2*k**2 - 1. Let v be (-1 - -4)/((-18)/84). Let a = -13 - v. Determine m(a).
5
Let b(t) = -t**2 - 9*t - 9. Let j(p) be the first derivative of -p**2 - 2*p - 1. Let i be j(3). Determine b(i).
-1
Let a(w) = -w**3 - 5*w**2 + 4. Let q = -5 + 0. Let g be a(q). Suppose -5*m - 37 = g*o - o, m = 4*o + 11. Let r(f) = -f**3 - 4*f**2 + f - 1. Determine r(o).
-5
Let w(k) = k**3 + 3*k**2 - k + 4. Let l(m) = 4 - 15*m + m**3 + 7*m**2 + 19 + 0. Let r be l(-9). What is w(r)?
-8
Let k be (27/(-54))/((-4)/(-56)). Let m(u) = 3*u**2 + 2 - 4*u**2 + 7 - 5*u. Give m(k).
-5
Let i(d) = d + 2. Let j be (-535)/1070*(0 - -2*5). Calculate i(j).
-3
Let d(s) = s**3 - 6*s**2 - 5. Let v be 753/9 - (1 - (-4)/(-12)). Suppose -v + 23 = -10*a. What is d(a)?
-5
Let d(a) = a**2 + 7*a + 6. Let o be 48/30*(-10)/(-4). Suppose -3*x = -6, o*x - 2*x + 11 = -3*k. Give d(k).
-4
Let i(f) be the second derivative of 0 + 30*f + 1/20*f**5 + f**3 - 3/4*f**4 + 4*f**2. What is i(8)?
-8
Let g(s) = 3*s + 9. Suppose -16*v = -5*v + 396. Let z be v/18 + -3 + -1. What is g(z)?
-9
Let s(o) = -o**3 - 2*o**2 + o + 1. Let k be (2/(-4) - 27/(-6))*-1. Let v(d) = d**3 + 7*d**2 + 15*d + 10. Let i be v(k). Determine s(i).
-1
Let c(s) = -42*s + 4 + 87*s - 44*s. Determine c(-5).
-1
Let v(u) = u + 1. Let j be (98/(-8) - 48/64)/(-1). Suppose x = -0*x - q - 1, 2*x = -4*q - 4. Suppose 4*i - 5*a + j = 0, a + x + 7 = -4*i. What is v(i)?
-1
Let o(d) = -6*d - 27*d**2 + 3 - 16*d**2 + 44*d**2. Let u(v) = -v**3 - 15*v**2 + 15*v - 12. Let k be u(-16). Calculate o(k).
-5
Let x(a) = 8*a - 2. Let u be 4/6*(-504)/48. Let z(t) = 7*t - 2. Let n(w) = u*z(w) + 6*x(w). Let g = -14 + 10. Give n(g).
6
Let u(r) = r**2 + 9*r - 1. Let v be u(-8). Let o = v + 7. Let z(d) = -2 - 3*d - 8*d + d**3 + 5*d + 3*d + d**2. Calculate z(o).
0
Let d(c) = c**2 - 5*c + 4. Suppose -10*o + 5*o = 75. Let f be 1/((6/o)/(-2)). Calculate d(f).
4
Let b(a) be the first derivative of a**3/3 + 7*a**2/2 + a - 1. Let g be b(-6). Let c(d) = -6*d + 28*d - 23*d - d. Calculate c(g).
10
Let c(n) = 7*n**2 - 10*n - 10. Let o(r) = 6*r**2 - 9*r - 9. Let f(g) = 5*c(g) - 6*o(g). Let h be 11 + 1 + -5 + -3. Calculate f(h).
4
Let z(w) = -3*w**2 - 2 - 6*w + 4*w**2 - 1. Let u = 125 - 91. Let q = u - 27. Determine z(q).
4
Let z(q) be the third derivative of -q**7/840 + 7*q**6/360 + q**5/60 - q**4/3 - 5*q**3/3 + 15*q**2. Let b(j) be the first derivative of z(j). Determine b(7).
6
Let y(i) = 5*i. Let t(x) = -x. Let c(j) = -6*t(j) - y(j). Let d(v) = v**2 - 6*v - 5. Let m be d(7). Let f = m + -2. What is c(f)?
0
Let y(d) = d**3 + 3*d**2 - 4*d + 4. Let z be y(-4). Suppose -5*x + 2*m = -2*m - 56, -z*m = 2*x. Let g(t) = -1 - 6 + x - 5*t**2. Give g(1).
-4
Let s(x) = -4 + 5*x**2 + 4*x - 3*x**2 + 0*x - 9*x. Determine s(5).
21
Let c(s) = 71*s**2 